 Suppose 25*j - 20*j - a = 0. Is j a composite number?
False
Let d(f) = -f - 5. Let b be d(-7). Suppose 3*y + 24 + 1 = -5*h, -h = b*y + 19. Let p = 3 - y. Is p composite?
False
Let v(i) be the second derivative of -98*i**5/5 + i**3/2 + i**2 + 2*i. Is v(-1) a composite number?
True
Suppose 4*q + 8 = 0, -2*u + 3*u + 2*q - 1061 = 0. Suppose 2*t = -3*t + u. Let m = -70 + t. Is m a composite number?
True
Let f be 1/1 - -1 - 0. Let b(v) = -18*v - 31. Let k be b(-10). Suppose -3*z - 668 = -f*m, -3*z + 1467 = 4*m + k. Is m a prime number?
True
Let o(s) = 5*s**2 - 25*s - 26. Let w be o(18). Let g = w - 609. Is g prime?
False
Let b(d) be the third derivative of d**5/4 + 7*d**4/24 - 17*d**3/6 - 6*d**2. Is b(4) prime?
True
Let h = -18 - -16. Let x(s) = -521*s - 10. Let f(a) = -261*a - 5. Let d(q) = 5*f(q) - 2*x(q). Is d(h) a prime number?
True
Let z(b) be the second derivative of 1/6*b**4 - 1/20*b**5 + b**3 + 0 - 4*b**2 + 2*b. Is z(-7) prime?
False
Let k be (0 - -221) + 5 - 0. Suppose -1343 = -g - 3*m, -5624 = -4*g + m - k. Is g prime?
False
Let h(i) = -18*i**2 - i + 8. Let n(d) = -19*d**2 + 7. Let s(x) = 4*h(x) - 5*n(x). Is s(-2) prime?
True
Let o(d) = 2*d - 1. Let k(u) = -2*u - 333. Let x(h) = -k(h) + 2*o(h). Is x(0) prime?
True
Let c = -400 + 1439. Is c a composite number?
False
Suppose z - l - 30445 = 0, 14*z - 18*z = -l - 121774. Is z prime?
False
Suppose -44770 = -48*j + 24254. Is j composite?
True
Let j be (-4)/(-14) - 12/42. Suppose j = q - 589 - 90. Is q a prime number?
False
Let o(k) = -274*k + 240. Is o(-23) composite?
True
Let x(a) = 2641*a**2 + 2. Let q(u) = 2*u - 1. Let v be q(0). Is x(v) a prime number?
False
Let g(o) be the second derivative of 11*o**4/6 - o**3/6 - 7*o**2/2 - 12*o. Is g(4) a prime number?
False
Let v(h) = 88*h**2 - 19*h + 52. Is v(13) prime?
False
Let n(i) = 11*i**2 + 23*i - 7. Is n(-19) a composite number?
False
Let o(c) = 5*c**3 + 11*c**2 - 15*c - 5. Let h(k) = 3*k**3 + 5*k**2 - 8*k - 3. Let y = -23 + 16. Let b(r) = y*h(r) + 4*o(r). Is b(6) a composite number?
True
Is 231426/483 - 2/14 a prime number?
True
Let o(b) = 129*b**2 - 4*b - 1. Let f be o(4). Suppose 4*l - 317 - 3765 = 2*t, -f = -2*l - t. Suppose -l = 2*h - 4*h. Is h composite?
True
Suppose 2*r + 3*a + 2 - 3 = 0, 0 = 3*a + 9. Suppose -4*c + 499 = -3*y, -2*c + r*c = -3*y + 390. Is c a composite number?
False
Suppose 15*p - 228970 = p. Is p a composite number?
True
Let x = 270 - -1111. Is x composite?
False
Suppose 2569 = 9*f - 20642. Is f a prime number?
True
Let l(s) = -s + 1. Let x(f) = 31*f**3 + 3*f**2 + 6*f - 6. Let g(h) = 5*l(h) + x(h). Is g(3) prime?
False
Is 15/(-6) + 0 - 119630/(-4) a composite number?
True
Let o(t) = t**3 + t**2 - t - 1. Suppose 0 = 6*b + b - 7. Let c(y) = -6*y**3 + 3*y**2 - 7*y - 7. Let m(z) = b*c(z) - 6*o(z). Is m(-3) a prime number?
False
Let p(m) = 9*m**3 + 3*m**2 - 6*m - 15. Let y be p(4). Suppose 0 = 4*i + i + 1030. Let f = y + i. Is f composite?
False
Let w(u) = -124*u - 1. Let i = -86 + 85. Is w(i) composite?
True
Let j = 16 + -6. Suppose -16*d + 11*d + j = 0. Suppose 3 = -b, -d*a - 2*b = -5*b - 23. Is a composite?
False
Let p = -57 + 61. Suppose 4*w - 4668 = -p*m, 4*w - 2004 = m + 2644. Is w prime?
True
Suppose 162735 = -2*x - 17*x. Is (x/6)/(6/(2*-6)) composite?
True
Let x(q) = q**3 + 18*q**2 + 5*q + 2. Let g be x(-20). Let y = g + 1887. Is y a composite number?
True
Let f(s) = 1058*s**2 + 52*s + 31. Is f(-11) prime?
False
Suppose 3*r - 5*r = 3*i - 17, i + 3*r + 6 = 0. Suppose 4*w - t - i = 3, 4 = -w + 2*t. Suppose -h = 2*k - 467, w*k + 923 = -5*h + 3258. Is h a prime number?
True
Let n(l) = 9*l**2 + 3*l + 2. Let x be n(4). Suppose x = 3*t + 8. Is (-1)/(-2)*(t - -2) a prime number?
False
Let c(a) = 857*a - 12. Let r be c(2). Let z = -1013 + r. Is z prime?
False
Let b = 9 - 5. Suppose -3*o - b*g = -8*o + 733, -g - 147 = -o. Is o a composite number?
True
Let z(t) be the third derivative of 11*t**4/3 - t**3/6 - 5*t**2. Let y be z(1). Is (-3 + 3)/2 + y composite?
True
Suppose -725*s - 59191 = -736*s. Is s a prime number?
True
Suppose -2*g - 1 = -5. Is 1/(g - 3)*-1847 a prime number?
True
Suppose 3*k = -m + 12, -4*m + 21 = k - 27. Let t(u) = 2*u**3 - 17*u**2 - 5*u + 11. Is t(m) a prime number?
False
Suppose 0*b = -2*b + q + 28377, 2*b = -5*q + 28383. Is b a composite number?
True
Let b be (-4)/6 + (-11)/(33/(-8)). Is -2*(467/(-2) - b) composite?
True
Suppose 3*x = -2*h + 167153, -2*x - 4*h + 278589 = 3*x. Suppose 0 = 17*d + 7046 - x. Is d prime?
False
Let c(v) = 9*v + 3. Let d be c(5). Let o be d/28*(-14)/(-4). Is (3/o)/(4/776) a composite number?
False
Suppose 0 = -8*n + 4*n - 3*h + 82843, 2*h = n - 20697. Is n a composite number?
False
Let m = 7 - 22. Let k be (-3)/12 + m/4. Let l(x) = -9*x + 1. Is l(k) a prime number?
True
Let j(n) = 4*n**3 + 9*n**2 - 8*n + 4. Let q(v) = -5*v**3 - 9*v**2 + 9*v - 3. Let w(i) = 4*j(i) + 3*q(i). Suppose o - 24 = 4*o. Is w(o) prime?
False
Let i = 291 + -206. Is i a prime number?
False
Suppose -5*h = -7*h - m + 3861, 2*h = 2*m + 3864. Is h composite?
False
Suppose 41866 = 45*a - 23*a. Is a prime?
False
Let h be (-141)/6 + 1 + 3/(-6). Is -5 - (-4 + 3) - h a prime number?
True
Let s be 1/(1/(2 - 0)). Suppose -8*d + 14655 + 15065 = 0. Suppose -s*o = 3*o - d. Is o a prime number?
True
Let i be -5*1*(-16)/20. Suppose -2*x - 1760 = -4*x + 2*p, -i*p = 3*x - 2619. Is x a composite number?
False
Let l = -25 + 15. Let g(f) = -f - 20. Let w(k) = 3*k + 44. Let m(q) = -5*g(q) - 2*w(q). Is m(l) a prime number?
False
Let j(x) = -x**2 + 1. Let l = 7 - 8. Let d(v) = -v**3 - 8*v**2 + 9*v + 6. Let b(y) = l*d(y) - 2*j(y). Is b(-10) a composite number?
True
Let q = 66 - 64. Suppose -359 - 431 = -q*m. Is m a prime number?
False
Let n(x) = -3*x**2 + 13*x + 19. Let j(v) = 3*v**2 - 14*v - 20. Let c(l) = -5*j(l) - 6*n(l). Is c(-11) composite?
True
Suppose 8*h - 71093 = -5*q + 5*h, 4 = -h. Is q composite?
False
Let r = 3647 - 2073. Is r a prime number?
False
Is (-2)/(-4)*-6 + 17432 prime?
False
Let w = -6 - -18. Is -1028*1*(-3)/w a composite number?
False
Let n(t) = 121*t - 9. Let p(b) = 242*b - 19. Let l = 11 + -14. Let z(f) = l*p(f) + 7*n(f). Is z(4) a prime number?
False
Let c = 13795 + -5744. Is c a composite number?
True
Let v(h) = 94*h**3 + 3*h**2 - 9*h + 14. Let y be v(4). Suppose -6*c + y = -372. Is c a composite number?
False
Suppose 0 = -7*v + 33305 - 3492. Is v composite?
False
Let q be (-1 + 1)*(15 + -14). Suppose q*r + 3455 = 5*r. Is r prime?
True
Suppose l + 124541 = 2*b, 3*b - l + 8207 = 195021. Is b a prime number?
True
Suppose -56*u + 52*u = 4*b - 38640, 3*u + b - 28984 = 0. Is u prime?
False
Is 2632 - (1 - 5)/4 composite?
False
Let x(b) = b**3 - 8*b**2 - 2*b + 6. Let g be x(8). Let p = g + 6. Is (-386)/p + (-3)/(-6) a composite number?
False
Let h = 47 + -25. Is h/3*9/2 prime?
False
Suppose 4*y + 5*f = 15457 - 1705, y - 3417 = 4*f. Is y a prime number?
True
Let t = -2609 + 9036. Is t composite?
False
Let d(b) = 6*b**2 + 22*b - 24. Let j be d(-16). Let z = j - 391. Is z prime?
True
Let a(d) = d**3 + 15*d**2 + 22*d - 7. Let m be a(-13). Let r = 6 + m. Is r prime?
False
Let q = 27 + -23. Suppose 0 = -q*m + 697 + 51. Is m composite?
True
Is -1 + 347183 + 1 - 340/85 composite?
True
Let x(j) = j**2 - 11*j - 22. Let k be x(13). Suppose -h = k*h - 3695. Is h prime?
True
Let t = -9932 - -30095. Suppose -t = -4*o + 5617. Is o prime?
False
Let b be (10/(-4) + 2)*-6. Let l(q) = 1 - 7*q**2 - q**2 - 9*q + b*q**3 + 16*q. Is l(5) prime?
True
Let s(k) = 2648*k**2 - 4*k + 17. Is s(-6) prime?
True
Suppose 4*j - 3*j = -5982. Is j/(-14) - 16/56 composite?
True
Suppose 5*w - 2251 = -2*l - 208, 5*w = 5*l + 2015. Let v = w + 632. Is v a prime number?
True
Let j be 3/(-9)*-3*8. Let p(z) = 32*z - 42*z + 28 + 28*z - 9. Is p(j) prime?
True
Suppose 17*x - 7*x = 20. Suppose -4 = 4*l, 4*w + x*l - 5725 = w. Is w a prime number?
False
Suppose 75*g - 48*g - 792531 = 0. Is g prime?
False
Let h = -76 + 72. Is (-4746)/h*(3 + 49/(-21)) a composite number?
True
Let s(f) = f**3 + 14*f**2 - 4*f - 13. Let k be s(-10). Suppose 0 = -5*j - 2*c + 232 + 485, k = 3*j + 2*c. Is j prime?
False
Let u = 4100 + 2803. Is 0/1 + (u - (-24)/6) a composite number?
False
Let o(w) = 69*w. Let m be o(-4). Let u = -49 - m. Suppose k - 22 = u. Is k composite?
True
Le